{"id":709,"date":"2024-03-31T12:16:52","date_gmt":"2024-03-31T10:16:52","guid":{"rendered":"http:\/\/www.chroniquesaubieroises.fr\/?page_id=709"},"modified":"2024-07-09T09:39:36","modified_gmt":"2024-07-09T07:39:36","slug":"autres-actes","status":"publish","type":"page","link":"https:\/\/www.chroniquesaubieroises.fr\/index.php\/autres-actes\/","title":{"rendered":"Actes divers"},"content":{"rendered":"<ul class=\"wp-block-latest-posts__list wp-block-latest-posts\"><li><a class=\"wp-block-latest-posts__post-title\" href=\"https:\/\/www.chroniquesaubieroises.fr\/index.php\/2026\/03\/27\/actes-divers-de-1631\/\">Actes divers de 1631<\/a><div class=\"wp-block-latest-posts__post-excerpt\">La supplique de Clauda Dumolin, menac\u00e9e d&rsquo;une grande n\u00e9cessit\u00e9, quand son mari est d\u00e9tenu dans les prisons du ch\u00e2teau d&rsquo;Aubi\u00e8re&#8230;<\/div><\/li>\n<li><a class=\"wp-block-latest-posts__post-title\" href=\"https:\/\/www.chroniquesaubieroises.fr\/index.php\/2025\/11\/17\/actes-divers-de-1630\/\">Actes divers de 1630<\/a><div class=\"wp-block-latest-posts__post-excerpt\">Jugements ou quittances de l&rsquo;ann\u00e9e 1630 \u00e0 Aubi\u00e8re, pass\u00e9s devant notaire.<\/div><\/li>\n<li><a class=\"wp-block-latest-posts__post-title\" href=\"https:\/\/www.chroniquesaubieroises.fr\/index.php\/2025\/10\/17\/actes-divers-de-1629\/\">Actes divers de 1629<\/a><div class=\"wp-block-latest-posts__post-excerpt\">Tous les actes (donations, Inventaires, Jugements, etc.) de l&rsquo;ann\u00e9e 1629.<\/div><\/li>\n<li><a class=\"wp-block-latest-posts__post-title\" href=\"https:\/\/www.chroniquesaubieroises.fr\/index.php\/2025\/05\/31\/actes-divers-de-1628\/\">Actes divers de 1628<\/a><div class=\"wp-block-latest-posts__post-excerpt\">Ce document pr\u00e9sente des actes notari\u00e9s divers de l&rsquo;ann\u00e9e 1628 \u00e0 Aubi\u00e8re, incluant des inventaires de biens, des donations et des jugements pass\u00e9s devant ma\u00eetre Guillaume Aubeny, notaire royal \u00e0 Aubi\u00e8re.<\/div><\/li>\n<li><a class=\"wp-block-latest-posts__post-title\" href=\"https:\/\/www.chroniquesaubieroises.fr\/index.php\/2025\/03\/14\/actes-divers-de-1627\/\">Actes divers de 1627<\/a><div class=\"wp-block-latest-posts__post-excerpt\">Les actes notari\u00e9s les plus divers en 1627 \u00e0 Aubi\u00e8re.<\/div><\/li>\n<li><a class=\"wp-block-latest-posts__post-title\" href=\"https:\/\/www.chroniquesaubieroises.fr\/index.php\/2025\/01\/31\/actes-divers-de-1626\/\">Actes divers de 1626<\/a><div class=\"wp-block-latest-posts__post-excerpt\">Vous trouverez ci-dessous l\u2019ensemble des actes divers qui ont \u00e9t\u00e9 pass\u00e9s entre Aubi\u00e9rois ou autres par devant ma\u00eetre Guillaume Aubeny, notaire royal \u00e0 Aubi\u00e8re, durant l\u2019ann\u00e9e 1626.<\/div><\/li>\n<li><a class=\"wp-block-latest-posts__post-title\" href=\"https:\/\/www.chroniquesaubieroises.fr\/index.php\/2024\/10\/25\/actes-divers-de-1621-a-1625\/\">Actes divers de 1621 \u00e0 1625<\/a><div class=\"wp-block-latest-posts__post-excerpt\">Nous avons d\u00e9j\u00e0 pass\u00e9 en revue les principaux actes qui r\u00e9glaient la vie de nos anc\u00eatres (contrats de mariage, ventes, partages ou \u00e9changes de parcelles, et les testaments) entre 1621 et 1625.\nIl y en a d\u2019autres moins nombreux mais tout aussi int\u00e9ressants : Accords, Arr\u00eats, Associations, Baux, Cessions, D\u00e9partements, Donations, Emphyt\u00e9ose, Fondations, Inventaires, Obligations, Ordonnances, Proc\u00e8s, Procurations, Quittances, Reconnaissances, Requ\u00eates, Saisies, Trait\u00e9s, Transactions ou Tutelles&#8230;<\/div><\/li>\n<li><a class=\"wp-block-latest-posts__post-title\" href=\"https:\/\/www.chroniquesaubieroises.fr\/index.php\/2024\/06\/07\/actes-divers-de-1616-a-1620\/\">Actes divers de 1616 \u00e0 1620<\/a><div class=\"wp-block-latest-posts__post-excerpt\">Dans ces actes divers toutes sortes d&rsquo;actes notari\u00e9s vous sont propos\u00e9s ; et aujourd&rsquo;hui, par exemple, en la grande salle du ch\u00e2teau d&rsquo;Aubi\u00e8re, le bally Fouchier tient audience de justice. Jacques Chastanier y r\u00e9pond de la plainte de son gendre&#8230;<\/div><\/li>\n<li><a class=\"wp-block-latest-posts__post-title\" href=\"https:\/\/www.chroniquesaubieroises.fr\/index.php\/2024\/05\/07\/1611-1615_actes-divers\/\">Actes divers de 1611 \u00e0 1615<\/a><div class=\"wp-block-latest-posts__post-excerpt\">Dans ces actes divers vous trouverez entre autres des Inventaires apr\u00e8s d\u00e9c\u00e8s, des Transactions diverses, des baux, des donations ou autres cessions qui ne sont pas les moins int\u00e9ressants des actes notari\u00e9s que nous ont laiss\u00e9s nos anc\u00eatres&#8230;<\/div><\/li>\n<li><a class=\"wp-block-latest-posts__post-title\" href=\"https:\/\/www.chroniquesaubieroises.fr\/index.php\/2024\/04\/02\/1586-1610-actes-divers\/\">Actes divers de 1586 \u00e0 1610<\/a><div class=\"wp-block-latest-posts__post-excerpt\">Nous avons d\u00e9j\u00e0 pass\u00e9 en revue les principaux actes qui r\u00e9glaient la vie de nos anc\u00eatres (contrats de mariage, ventes, partages, donations ou \u00e9changes de parcelles, et les testaments) entre 1586 et 1610.\nIl y en a d\u2019autres moins nombreux mais tout aussi int\u00e9ressants : Accords, Arr\u00eats, Associations, Baux, Cessions, D\u00e9partements, Donations, Emphyt\u00e9ose, Fondations, Inventaires, Obligations, Ordonnances, Proc\u00e8s, Procurations, Quittances, Reconnaissances, Requ\u00eates, Saisies, Trait\u00e9s ou Tutelles&#8230;\n<\/div><\/li>\n<\/ul>","protected":false},"excerpt":{"rendered":"","protected":false},"author":1,"featured_media":0,"parent":0,"menu_order":0,"comment_status":"closed","ping_status":"closed","template":"","meta":{"_monsterinsights_skip_tracking":false,"_monsterinsights_sitenote_active":false,"_monsterinsights_sitenote_note":"","_monsterinsights_sitenote_category":0,"jetpack_post_was_ever_published":false,"footnotes":""},"class_list":["post-709","page","type-page","status-publish","hentry"],"jetpack_sharing_enabled":true,"_links":{"self":[{"href":"https:\/\/www.chroniquesaubieroises.fr\/index.php\/wp-json\/wp\/v2\/pages\/709","targetHints":{"allow":["GET"]}}],"collection":[{"href":"https:\/\/www.chroniquesaubieroises.fr\/index.php\/wp-json\/wp\/v2\/pages"}],"about":[{"href":"https:\/\/www.chroniquesaubieroises.fr\/index.php\/wp-json\/wp\/v2\/types\/page"}],"author":[{"embeddable":true,"href":"https:\/\/www.chroniquesaubieroises.fr\/index.php\/wp-json\/wp\/v2\/users\/1"}],"replies":[{"embeddable":true,"href":"https:\/\/www.chroniquesaubieroises.fr\/index.php\/wp-json\/wp\/v2\/comments?post=709"}],"version-history":[{"count":4,"href":"https:\/\/www.chroniquesaubieroises.fr\/index.php\/wp-json\/wp\/v2\/pages\/709\/revisions"}],"predecessor-version":[{"id":984,"href":"https:\/\/www.chroniquesaubieroises.fr\/index.php\/wp-json\/wp\/v2\/pages\/709\/revisions\/984"}],"wp:attachment":[{"href":"https:\/\/www.chroniquesaubieroises.fr\/index.php\/wp-json\/wp\/v2\/media?parent=709"}],"curies":[{"name":"wp","href":"https:\/\/api.w.org\/{rel}","templated":true}]}}