{"id":253,"date":"2024-01-07T14:23:21","date_gmt":"2024-01-07T13:23:21","guid":{"rendered":"http:\/\/www.chroniquesaubieroises.fr\/?page_id=253"},"modified":"2024-07-09T09:37:32","modified_gmt":"2024-07-09T07:37:32","slug":"partages","status":"publish","type":"page","link":"https:\/\/www.chroniquesaubieroises.fr\/index.php\/partages\/","title":{"rendered":"Partages"},"content":{"rendered":"<ul class=\"wp-block-latest-posts__list wp-block-latest-posts\"><li><a class=\"wp-block-latest-posts__post-title\" href=\"https:\/\/www.chroniquesaubieroises.fr\/index.php\/2026\/03\/27\/les-partages-de-1632\/\">Les partages de 1632<\/a><div class=\"wp-block-latest-posts__post-excerpt\">On partage les biens en 1632.<\/div><\/li>\n<li><a class=\"wp-block-latest-posts__post-title\" href=\"https:\/\/www.chroniquesaubieroises.fr\/index.php\/2025\/08\/22\/les-partages-de-1629\/\">Les partages de 1629<\/a><div class=\"wp-block-latest-posts__post-excerpt\">Le document pr\u00e9sente des partages de biens notari\u00e9s \u00e0 Aubi\u00e8re en 1629, d\u00e9taillant les h\u00e9ritages et les parties impliqu\u00e9es.<\/div><\/li>\n<li><a class=\"wp-block-latest-posts__post-title\" href=\"https:\/\/www.chroniquesaubieroises.fr\/index.php\/2025\/05\/15\/partages-de-1628\/\">Partages de 1628<\/a><div class=\"wp-block-latest-posts__post-excerpt\">Le seul partage de l&rsquo;ann\u00e9e 1628 s&rsquo;est fait entre deux fr\u00e8res&#8230;<\/div><\/li>\n<li><a class=\"wp-block-latest-posts__post-title\" href=\"https:\/\/www.chroniquesaubieroises.fr\/index.php\/2025\/01\/31\/partages-de-1626\/\">Partages de 1626<\/a><div class=\"wp-block-latest-posts__post-excerpt\">Vous trouverez ci-dessous l\u2019ensemble des partages qui ont \u00e9t\u00e9 pass\u00e9s entre Aubi\u00e9rois ou autres par devant ma\u00eetre Guillaume Aubeny, notaire royal \u00e0 Aubi\u00e8re, durant l\u2019ann\u00e9e 1626.<\/div><\/li>\n<li><a class=\"wp-block-latest-posts__post-title\" href=\"https:\/\/www.chroniquesaubieroises.fr\/index.php\/2024\/09\/19\/partages-1621-1625\/\">Partages (1621-1625)<\/a><div class=\"wp-block-latest-posts__post-excerpt\">Vous trouverez ci-dessous l\u2019ensemble des partages qui ont \u00e9t\u00e9 pass\u00e9es par des Aubi\u00e9rois ou autres par devant ma\u00eetre Guillaume Aubeny, notaire royal \u00e0 Aubi\u00e8re, durant les ann\u00e9es 1621 \u00e0 1625.\nLes textes ne sont pas toujours pr\u00e9sent\u00e9s dans leur transcription int\u00e9grale, mais l\u2019essentiel des faits, des donn\u00e9es et des personnes pr\u00e9sentes et\/ou concern\u00e9es par ces actes est soumis \u00e0 votre connaissance.<\/div><\/li>\n<li><a class=\"wp-block-latest-posts__post-title\" href=\"https:\/\/www.chroniquesaubieroises.fr\/index.php\/2024\/05\/24\/partages-de-1616-a-1620\/\">Partages de 1616 \u00e0 1620<\/a><div class=\"wp-block-latest-posts__post-excerpt\">Ces partages vous feront d\u00e9couvrir le patrimoine de vos anc\u00eatres aubi\u00e9rois&#8230;<\/div><\/li>\n<li><a class=\"wp-block-latest-posts__post-title\" href=\"https:\/\/www.chroniquesaubieroises.fr\/index.php\/2024\/05\/07\/partages-de-1611-a-1615\/\">Partages de 1611 \u00e0 1615<\/a><div class=\"wp-block-latest-posts__post-excerpt\">Avec les partages, on entre dans les familles. C&rsquo;est parfois l&rsquo;occasion de d\u00e9couvrir de nouveaux anc\u00eatres, mais aussi le patrimoine de nos a\u00efeux&#8230;<\/div><\/li>\n<li><a class=\"wp-block-latest-posts__post-title\" href=\"https:\/\/www.chroniquesaubieroises.fr\/index.php\/2024\/03\/22\/partages-de-1601-a-1610\/\">Partages de 1601 \u00e0 1610<\/a><div class=\"wp-block-latest-posts__post-excerpt\">Les Aubi\u00e9rois partagent leurs biens entre eux, entre 1601 et 1610. Bonne lecture !<\/div><\/li>\n<li><a class=\"wp-block-latest-posts__post-title\" href=\"https:\/\/www.chroniquesaubieroises.fr\/index.php\/2024\/02\/09\/partages-de-1586-a-1600\/\">Partages de 1586 \u00e0 1600<\/a><div class=\"wp-block-latest-posts__post-excerpt\">Vous trouverez ci-dessous l\u2019ensemble des partages qui ont \u00e9t\u00e9 pass\u00e9es par des Aubi\u00e9rois ou autres par devant ma\u00eetre Guillaume Aubeny, notaire royal \u00e0 Aubi\u00e8re, durant les ann\u00e9es 1586 \u00e0 1600.<\/div><\/li>\n<\/ul>","protected":false},"excerpt":{"rendered":"","protected":false},"author":1,"featured_media":0,"parent":0,"menu_order":0,"comment_status":"closed","ping_status":"closed","template":"","meta":{"_monsterinsights_skip_tracking":false,"_monsterinsights_sitenote_active":false,"_monsterinsights_sitenote_note":"","_monsterinsights_sitenote_category":0,"jetpack_post_was_ever_published":false,"footnotes":""},"class_list":["post-253","page","type-page","status-publish","hentry"],"jetpack_sharing_enabled":true,"_links":{"self":[{"href":"https:\/\/www.chroniquesaubieroises.fr\/index.php\/wp-json\/wp\/v2\/pages\/253","targetHints":{"allow":["GET"]}}],"collection":[{"href":"https:\/\/www.chroniquesaubieroises.fr\/index.php\/wp-json\/wp\/v2\/pages"}],"about":[{"href":"https:\/\/www.chroniquesaubieroises.fr\/index.php\/wp-json\/wp\/v2\/types\/page"}],"author":[{"embeddable":true,"href":"https:\/\/www.chroniquesaubieroises.fr\/index.php\/wp-json\/wp\/v2\/users\/1"}],"replies":[{"embeddable":true,"href":"https:\/\/www.chroniquesaubieroises.fr\/index.php\/wp-json\/wp\/v2\/comments?post=253"}],"version-history":[{"count":2,"href":"https:\/\/www.chroniquesaubieroises.fr\/index.php\/wp-json\/wp\/v2\/pages\/253\/revisions"}],"predecessor-version":[{"id":982,"href":"https:\/\/www.chroniquesaubieroises.fr\/index.php\/wp-json\/wp\/v2\/pages\/253\/revisions\/982"}],"wp:attachment":[{"href":"https:\/\/www.chroniquesaubieroises.fr\/index.php\/wp-json\/wp\/v2\/media?parent=253"}],"curies":[{"name":"wp","href":"https:\/\/api.w.org\/{rel}","templated":true}]}}

<ul class="wp-block-latest-posts__list wp-block-latest-posts"><li><a class="wp-block-latest-posts__post-title" href="https://www.chroniquesaubieroises.fr/index.php/2026/03/27/les-partages-de-1632/">Les partages de 1632</a><div class="wp-block-latest-posts__post-excerpt">On partage les biens en 1632.</div></li>
<li><a class="wp-block-latest-posts__post-title" href="https://www.chroniquesaubieroises.fr/index.php/2025/08/22/les-partages-de-1629/">Les partages de 1629</a><div class="wp-block-latest-posts__post-excerpt">Le document présente des partages de biens notariés à Aubière en 1629, détaillant les héritages et les parties impliquées.</div></li>
<li><a class="wp-block-latest-posts__post-title" href="https://www.chroniquesaubieroises.fr/index.php/2025/05/15/partages-de-1628/">Partages de 1628</a><div class="wp-block-latest-posts__post-excerpt">Le seul partage de l&rsquo;année 1628 s&rsquo;est fait entre deux frères&#8230;</div></li>
<li><a class="wp-block-latest-posts__post-title" href="https://www.chroniquesaubieroises.fr/index.php/2025/01/31/partages-de-1626/">Partages de 1626</a><div class="wp-block-latest-posts__post-excerpt">Vous trouverez ci-dessous l’ensemble des partages qui ont été passés entre Aubiérois ou autres par devant maître Guillaume Aubeny, notaire royal à Aubière, durant l’année 1626.</div></li>
<li><a class="wp-block-latest-posts__post-title" href="https://www.chroniquesaubieroises.fr/index.php/2024/09/19/partages-1621-1625/">Partages (1621-1625)</a><div class="wp-block-latest-posts__post-excerpt">Vous trouverez ci-dessous l’ensemble des partages qui ont été passées par des Aubiérois ou autres par devant maître Guillaume Aubeny, notaire royal à Aubière, durant les années 1621 à 1625.
Les textes ne sont pas toujours présentés dans leur transcription intégrale, mais l’essentiel des faits, des données et des personnes présentes et/ou concernées par ces actes est soumis à votre connaissance.</div></li>
<li><a class="wp-block-latest-posts__post-title" href="https://www.chroniquesaubieroises.fr/index.php/2024/05/24/partages-de-1616-a-1620/">Partages de 1616 à 1620</a><div class="wp-block-latest-posts__post-excerpt">Ces partages vous feront découvrir le patrimoine de vos ancêtres aubiérois&#8230;</div></li>
<li><a class="wp-block-latest-posts__post-title" href="https://www.chroniquesaubieroises.fr/index.php/2024/05/07/partages-de-1611-a-1615/">Partages de 1611 à 1615</a><div class="wp-block-latest-posts__post-excerpt">Avec les partages, on entre dans les familles. C&rsquo;est parfois l&rsquo;occasion de découvrir de nouveaux ancêtres, mais aussi le patrimoine de nos aïeux&#8230;</div></li>
<li><a class="wp-block-latest-posts__post-title" href="https://www.chroniquesaubieroises.fr/index.php/2024/03/22/partages-de-1601-a-1610/">Partages de 1601 à 1610</a><div class="wp-block-latest-posts__post-excerpt">Les Aubiérois partagent leurs biens entre eux, entre 1601 et 1610. Bonne lecture !</div></li>
<li><a class="wp-block-latest-posts__post-title" href="https://www.chroniquesaubieroises.fr/index.php/2024/02/09/partages-de-1586-a-1600/">Partages de 1586 à 1600</a><div class="wp-block-latest-posts__post-excerpt">Vous trouverez ci-dessous l’ensemble des partages qui ont été passées par des Aubiérois ou autres par devant maître Guillaume Aubeny, notaire royal à Aubière, durant les années 1586 à 1600.</div></li>
</ul>
